
Convert -b75 (base 15) to base 3.
-10112202
Convert -1995 (base 11) to base 10.
-2524
Convert 10350 (base 7) to base 15.
b73
-1100211 (base 3) to base 9
-1324
Convert 1255 (base 9) to base 7.
2513
What is -382 (base 9) in base 14?
-189
Convert 1554 (base 10) to base 3.
2010120
-101135 (base 8) to base 13
-12262
Convert -1001010000110110 (base 2) to base 11.
-26563
Convert -120210 (base 3) to base 8.
-652
Convert -21112222 (base 3) to base 5.
-134012
27a3 (base 13) to base 8
13116
What is -6c8 (base 14) in base 16?
-548
-13 (base 8) to base 7
-14
Convert 637 (base 10) to base 12.
451
Convert -7062 (base 8) to base 2.
-111000110010
-10262 (base 11) to base 14
-563d
What is -1720 (base 14) in base 12?
-2494
-1330 (base 6) to base 11
-291
What is 103103 (base 4) in base 3?
1200202
Convert -20133210 (base 4) to base 11.
-24156
What is 413a (base 11) in base 12?
3214
Convert -131132 (base 4) to base 8.
-3536
What is 32011 (base 5) in base 11?
1668
101010010 (base 3) to base 4
1303032
Convert -7534 (base 8) to base 14.
-160c
What is -8de6 (base 15) in base 11?
-20711
-1146 (base 12) to base 6
-12530
-315 (base 8) to base 12
-151
Convert 4707 (base 16) to base 13.
8379
Convert -1102002 (base 3) to base 6.
-4432
Convert -345 (base 13) to base 14.
-2c4
What is 863 (base 15) in base 14?
993
Convert 1455 (base 16) to base 13.
24a5
What is 10122020021 (base 3) in base 15?
16341
-1313 (base 15) to base 8
-7744
What is 7b (base 12) in base 9?
115
Convert -13a28 (base 12) to base 15.
-81b2
454b (base 13) to base 9
14263
453415 (base 6) to base 13
1461b
Convert -1467 (base 14) to base 13.
-1855
281 (base 16) to base 8
1201
What is -3 (base 9) in base 8?
-3
Convert 1102200 (base 3) to base 8.
2024
34423 (base 5) to base 12
1534
3c6 (base 15) to base 3
1011220
What is -10120022 (base 3) in base 4?
-220220
-13329 (base 10) to base 8
-32021
What is 23301 (base 5) in base 12?
b99
What is 611 (base 12) in base 10?
877
Convert -1534 (base 8) to base 9.
-1155
What is -12223 (base 5) in base 14?
-4b0
-101001 (base 4) to base 10
-1089
Convert 1093 (base 14) to base 16.
b39
-10202 (base 5) to base 15
-302
1022120 (base 4) to base 2
1001010011000
What is 2737 (base 8) in base 15?
6a3
-1b94 (base 12) to base 4
-311200
Convert 27cd (base 14) to base 12.
40a9
-11110011 (base 2) to base 10
-243
664 (base 7) to base 13
202
What is -137 (base 13) in base 3?
-21222
Convert 1313 (base 5) to base 14.
10c
What is 1695 (base 10) in base 9?
2283
Convert 5067 (base 9) to base 13.
18c1
What is 3856 (base 13) in base 5?
224024
What is -353 (base 13) in base 6?
-2355
What is 131 (base 6) in base 8?
67
Convert 7831 (base 10) to base 14.
2bd5
Convert 12200222 (base 3) to base 15.
1372
-1100011 (base 3) to base 10
-976
33511 (base 9) to base 8
53415
12433 (base 6) to base 15
863
Convert 2020 (base 6) to base 5.
3234
Convert 1111001001011 (base 2) to base 16.
1e4b
Convert -1532 (base 9) to base 14.
-5d1
-420032 (base 5) to base 6
-143423
-228 (base 16) to base 10
-552
44302 (base 5) to base 9
4188
Convert 1712 (base 9) to base 4.
110123
Convert 2cd (base 14) to base 16.
23d
-242 (base 5) to base 4
-1020
What is 144 (base 10) in base 12?
100
What is 4343 (base 5) in base 16?
256
-421 (base 5) to base 2
-1101111
-40344 (base 5) to base 12
-1607
What is 1112551 (base 6) in base 14?
16787
Convert -8442 (base 15) to base 6.
-333242
What is -238 (base 16) in base 13?
-349
Convert 39d0 (base 15) to base 2.
11000000111001
Convert 3185 (base 9) to base 14.
bd7
70 (base 16) to base 8
160
What is 2771 (base 10) in base 14?
101d
-23070 (base 8) to base 10
-9784
Convert 10010111011 (base 2) to base 4.
102323
Convert a44 (base 11) to base 7.
3445
1ac6 (base 13) to base 7
14543
Convert 6 (base 10) to base 9.
6
What is -319 (base 10) in base 5?
-2234
5415 (base 7) to base 2
11110000011
Convert -667 (base 9) to base 6.
-2311
Convert -cc (base 14) to base 6.
-500
1053 (base 6) to base 10
249
Convert -1503 (base 10) to base 9.
-2050
1220134 (base 5) to base 3
1011210010
What is -587 (base 11) in base 6?
-3124
What is 131220 (base 4) in base 13?
b2b
Convert -1001001110000 (base 2) to base 9.
-6424
Convert 10010010 (base 2) to base 8.
222
-210120 (base 3) to base 6
-2410
What is -2032213 (base 4) in base 12?
-5347
16a (base 15) to base 16
145
What is -8aa (base 15) in base 13?
-b7a
Convert -1112212210 (base 3) to base 15.
-90a6
-1000000111000 (base 2) to base 5
-113102
Convert -232020 (base 4) to base 8.
-5610
-4584 (base 11) to base 7
-23361
What is 900 (base 12) in base 6?
10000
-1b3 (base 12) to base 16
-117
Convert -2150 (base 13) to base 10.
-4628
-2182 (base 9) to base 12
-b25
-14833 (base 10) to base 7
-61150
What is 542 (base 10) in base 7?
1403
Convert 40b (base 12) to base 9.
722
What is 315 (base 6) in base 9?
142
-1258 (base 16) to base 13
-21a3
-33522 (base 6) to base 14
-1a1c
Convert 12133 (base 6) to base 15.
7e0
Convert -5055 (base 6) to base 14.
-599
Convert -66123 (base 7) to base 14.
-604a
What is -1110010110010111 (base 2) in base 6?
-1132035
Convert -20024 (base 6) to base 9.
-3517
What is 25211 (base 9) in base 7?
100246
What is 1bb89 (base 12) in base 11?
29147
What is 1404 (base 7) in base 5?
4133
Convert 465 (base 12) to base 5.
10103
Convert -59f9 (base 16) to base 5.
-1214113
-1745 (base 14) to base 15
-1387
What is 6218 (base 9) in base 11?
346a
-13410 (base 6) to base 3
-2212120
Convert -1020354 (base 6) to base 7.
-263665
Convert -1313120 (base 5) to base 16.
-65b3
What is -144d4 (base 15) in base 16?
-fec8
Convert -7543 (base 8) to base 6.
-30123
What is 310f (base 16) in base 11?
9488
-403 (base 16) to base 2
-10000000011
c29b (base 13) to base 2
110100011001110
2a0 (base 11) to base 7
1012
28e (base 15) to base 9
718
-23c1 (base 16) to base 10
-9153
Convert 7628 (base 9) to base 11.
4245
What is -2bc8 (base 13) in base 9?
-8720
Convert 4279 (base 13) to base 14.
3510
-60742 (base 10) to base 12
-2b19a
-204300 (base 8) to base 16
-108c0
-5028 (base 11) to base 4
-1220131
What is 5517 (base 8) in base 11?
21a2
What is 26828 (base 10) in base 9?
40718
Convert -12e0 (base 15) to base 11.
-3039
94 (base 10) to base 3
10111
-35666 (base 7) to base 10
-9260
Convert -18427 (base 12) to base 4.
-20211133
200210021 (base 3) to base 15
40d1
What is 98aa (base 15) in base 9?
48317
What is -324123 (base 5) in base 7?
-44355
56a (base 14) to base 2
10000110010
Convert -54b (base 12) to base 7.
-2162
Convert 51131 (base 9) to base 3.
1201011001
What is 2e7 (base 15) in base 8?
1233
What is 36 (base 8) in base 2?
11110
What is 4003 (base 5) in base 11?
418
What is -8763 (base 10) in base 6?
-104323
What is -1680 (base 11) in base 10?
-2145
What is 163 (base 13) in base 8?
372
Convert -5067 (base 8) to base 10.
-2615
Convert -1781 (base 14) to base 13.
-1c04
-48b (base 12) to base 13
-407
Convert 11332 (base 6) to base 9.
2222
-710 (base 15) to base 5
-22330
-74b0 (base 12) to base 4
-3020010
-1123 (base 9) to base 16
-33f
Convert 9793 (base 10) to base 3.
111102201
cdc (base 15) to base 11
2203
What is -3311 (base 10) in base 6?
-23155
2120010 (base 3) to base 14
974
Convert -14545 (base 7) to base 10.
-4051
Convert 111110011010110 (base 2) to base 12.
165b2
346 (base 13) to base 4
20311
Convert -7115 (base 10) to base 14.
-2843
What is -c4f6 (base 16) in base 7?
-300001
-1110201 (base 3) to base 16
-430
Convert -1424 (base 8) to base 6.
-3352
-12311 (base 6) to base 10
-1843
What is 4125 (base 7) in base 6?
10400
13344 (base 6) to base 13
c40
What is b313 (base 12) in base 15?
5b70
Convert 2ba1a (base 13) to base 8.
242072
What is -11000100000 (base 2) in base 13?
-938
245 (base 10) to base 4
3311
What is 25344 (base 8) in base 9?
16050
950 (base 16) to base 4
211100
3891 (base 16) to base 2
11100010010001
-5036 (base 9) to base 6
-25010
What is -66 (base 11) in base 8?
-110
What is 204 (base 14) in base 9?
480
What is 2d (base 16) in base 9?
50
Convert -200122 (base 5) to base 12.
-377b
Convert 11535 (base 6) to base 13.
a1c
What is 3143 (base 8) in base 13?
98a
-3232 (base 12) to base 14
-2018
1184 (base 12) to base 9
2631
What is 2112122 (base 3) in base 14?
965
-3b (base 14) to base 2
-110101
Convert 1101110011 (base 2) to base 12.
617
Convert 6497 (base 16) to base 9.
38282
Convert -